{"id":60,"date":"2023-01-09T16:55:54","date_gmt":"2023-01-09T19:55:54","guid":{"rendered":"https:\/\/dramariliagarcia.com.br\/index.php\/about\/"},"modified":"2025-04-28T11:29:46","modified_gmt":"2025-04-28T14:29:46","slug":"sobre","status":"publish","type":"page","link":"https:\/\/dramariliagarcia.com.br\/index.php\/sobre\/","title":{"rendered":"Sobre"},"content":{"rendered":"\t\t<div data-elementor-type=\"wp-page\" data-elementor-id=\"60\" class=\"elementor elementor-60\" data-elementor-post-type=\"page\">\n\t\t\t\t<div class=\"elementor-element elementor-element-17e8294 e-flex e-con-boxed e-con e-parent\" data-id=\"17e8294\" data-element_type=\"container\">\n\t\t\t\t\t<div class=\"e-con-inner\">\n\t\t<div class=\"elementor-element elementor-element-6ed2ed0 e-con-full e-flex e-con e-child\" data-id=\"6ed2ed0\" data-element_type=\"container\">\n\t\t\t\t<div class=\"elementor-element elementor-element-625b2e3 animated-slow elementor-invisible elementor-widget elementor-widget-image\" data-id=\"625b2e3\" data-element_type=\"widget\" data-settings=\"{&quot;_animation&quot;:&quot;fadeInLeft&quot;}\" data-widget_type=\"image.default\">\n\t\t\t\t<div class=\"elementor-widget-container\">\n\t\t\t\t\t\t\t\t\t\t\t\t\t\t\t<img fetchpriority=\"high\" decoding=\"async\" width=\"1080\" height=\"1350\" src=\"https:\/\/dramariliagarcia.com.br\/wp-content\/uploads\/2025\/04\/Artes-Dr-Helio-Russo-7.png\" class=\"attachment-full size-full wp-image-2146\" alt=\"\" srcset=\"https:\/\/dramariliagarcia.com.br\/wp-content\/uploads\/2025\/04\/Artes-Dr-Helio-Russo-7.png 1080w, https:\/\/dramariliagarcia.com.br\/wp-content\/uploads\/2025\/04\/Artes-Dr-Helio-Russo-7-240x300.png 240w, https:\/\/dramariliagarcia.com.br\/wp-content\/uploads\/2025\/04\/Artes-Dr-Helio-Russo-7-819x1024.png 819w, https:\/\/dramariliagarcia.com.br\/wp-content\/uploads\/2025\/04\/Artes-Dr-Helio-Russo-7-768x960.png 768w\" sizes=\"(max-width: 1080px) 100vw, 1080px\" \/>\t\t\t\t\t\t\t\t\t\t\t\t\t\t\t<\/div>\n\t\t\t\t<\/div>\n\t\t\t\t<\/div>\n\t\t<div class=\"elementor-element elementor-element-9afb592 e-con-full e-flex e-con e-child\" data-id=\"9afb592\" data-element_type=\"container\">\n\t\t\t\t<div class=\"elementor-element elementor-element-13b6b1d animated-slow elementor-invisible elementor-widget elementor-widget-heading\" data-id=\"13b6b1d\" data-element_type=\"widget\" data-settings=\"{&quot;_animation&quot;:&quot;fadeInUp&quot;}\" data-widget_type=\"heading.default\">\n\t\t\t\t<div class=\"elementor-widget-container\">\n\t\t\t\t\t<h2 class=\"elementor-heading-title elementor-size-default\">Marilia Razante Garcia\n<\/h2>\t\t\t\t<\/div>\n\t\t\t\t<\/div>\n\t\t\t\t<div class=\"elementor-element elementor-element-7e45352 animated-slow elementor-invisible elementor-widget elementor-widget-heading\" data-id=\"7e45352\" data-element_type=\"widget\" data-settings=\"{&quot;_animation&quot;:&quot;fadeInUp&quot;}\" data-widget_type=\"heading.default\">\n\t\t\t\t<div class=\"elementor-widget-container\">\n\t\t\t\t\t<h2 class=\"elementor-heading-title elementor-size-default\">Cirurgia Pl\u00e1stica, <br>Est\u00e9tica e Reconstrutora<\/h2>\t\t\t\t<\/div>\n\t\t\t\t<\/div>\n\t\t\t\t<div class=\"elementor-element elementor-element-43aff7b elementor-invisible elementor-widget elementor-widget-text-editor\" data-id=\"43aff7b\" data-element_type=\"widget\" data-settings=\"{&quot;_animation&quot;:&quot;fadeIn&quot;,&quot;_animation_mobile&quot;:&quot;none&quot;,&quot;_animation_delay&quot;:&quot;200&quot;}\" data-widget_type=\"text-editor.default\">\n\t\t\t\t<div class=\"elementor-widget-container\">\n\t\t\t\t\t\t\t\t\t<p>CRM 147.838<br \/>RQE 62.749<\/p>\t\t\t\t\t\t\t\t<\/div>\n\t\t\t\t<\/div>\n\t\t\t\t<div class=\"elementor-element elementor-element-da934aa animated-slow elementor-invisible elementor-widget elementor-widget-text-editor\" data-id=\"da934aa\" data-element_type=\"widget\" data-settings=\"{&quot;_animation&quot;:&quot;fadeInUp&quot;}\" data-widget_type=\"text-editor.default\">\n\t\t\t\t<div class=\"elementor-widget-container\">\n\t\t\t\t\t\t\t\t\t<p>Sou Cirurgi\u00e3 Pl\u00e1stica, membro da Sociedade Brasileira de Cirurgia Pl\u00e1stica (SBCP), especializada em cirurgias est\u00e9ticas e reconstrutoras.<\/p><p>Vejo a Cirurgia Pl\u00e1stica como uma importante ferramenta para melhorar a autoestima e a qualidade de vida dos pacientes.<\/p><p>Tenho como miss\u00e3o aflorar a beleza de cada pessoa, de maneira harm\u00f4nica, natural e \u00fanica, oferecendo atendimento m\u00e9dico humanizado e \u00e9tico, baseado em evid\u00eancias cient\u00edficas, utilizando de t\u00e9cnicas seguras e comprovadas.<\/p><h5><strong>Forma\u00e7\u00e3o Acad\u00eamica:<\/strong><\/h5><ul><li>Gradua\u00e7\u00e3o em Medicina pela Faculdade de Medicina do ABC (FMABC);<\/li><li>Resid\u00eancia m\u00e9dica em Cirurgia Geral pela FMABC;<\/li><li>Resid\u00eancia m\u00e9dica em Cirurgia Pl\u00e1stica pela FMABC;<\/li><li>Titulo de Especialista em Cirurgia Pl\u00e1stica pela Associa\u00e7\u00e3o M\u00e9dica Brasileira (AMB) e pela Sociedade Brasileira de Cirurgia Pl\u00e1stica (SBCP);<\/li><li>Membro da Sociedade Brasileira de Cirurgia Pl\u00e1stica (SBCP);<\/li><li>Subespecializa\u00e7\u00e3o em Reconstru\u00e7\u00e3o Mam\u00e1ria pela FMABC;<\/li><li>M\u00e9dica Assistente e Coordenadora da Disciplina de Cirurgia Pl\u00e1stica da FMABC.<\/li><\/ul>\t\t\t\t\t\t\t\t<\/div>\n\t\t\t\t<\/div>\n\t\t\t\t<\/div>\n\t\t\t\t\t<\/div>\n\t\t\t\t<\/div>\n\t\t\t\t<\/div>\n\t\t","protected":false},"excerpt":{"rendered":"<p>Marilia Razante Garcia Cirurgia Pl\u00e1stica, Est\u00e9tica e Reconstrutora CRM 147.838RQE 62.749 Sou Cirurgi\u00e3 Pl\u00e1stica, membro da Sociedade Brasileira de Cirurgia Pl\u00e1stica (SBCP), especializada em cirurgias est\u00e9ticas e reconstrutoras. Vejo a Cirurgia Pl\u00e1stica como uma importante ferramenta para melhorar a autoestima e a qualidade de vida dos pacientes. Tenho como miss\u00e3o aflorar a beleza de cada [&hellip;]<\/p>\n","protected":false},"author":1,"featured_media":0,"parent":0,"menu_order":0,"comment_status":"closed","ping_status":"closed","template":"elementor_header_footer","meta":{"footnotes":""},"class_list":["post-60","page","type-page","status-publish","hentry"],"_links":{"self":[{"href":"https:\/\/dramariliagarcia.com.br\/index.php\/wp-json\/wp\/v2\/pages\/60","targetHints":{"allow":["GET"]}}],"collection":[{"href":"https:\/\/dramariliagarcia.com.br\/index.php\/wp-json\/wp\/v2\/pages"}],"about":[{"href":"https:\/\/dramariliagarcia.com.br\/index.php\/wp-json\/wp\/v2\/types\/page"}],"author":[{"embeddable":true,"href":"https:\/\/dramariliagarcia.com.br\/index.php\/wp-json\/wp\/v2\/users\/1"}],"replies":[{"embeddable":true,"href":"https:\/\/dramariliagarcia.com.br\/index.php\/wp-json\/wp\/v2\/comments?post=60"}],"version-history":[{"count":227,"href":"https:\/\/dramariliagarcia.com.br\/index.php\/wp-json\/wp\/v2\/pages\/60\/revisions"}],"predecessor-version":[{"id":2155,"href":"https:\/\/dramariliagarcia.com.br\/index.php\/wp-json\/wp\/v2\/pages\/60\/revisions\/2155"}],"wp:attachment":[{"href":"https:\/\/dramariliagarcia.com.br\/index.php\/wp-json\/wp\/v2\/media?parent=60"}],"curies":[{"name":"wp","href":"https:\/\/api.w.org\/{rel}","templated":true}]}}